w). Suppose -3*y = -9*y + h. Calculate the remainder when y is divided by 5.
2
Let n be (-5)/(5*-3)*9. Suppose -5*o = 25, 0 = 2*a - a - n*o - 17. Calculate the remainder when (4/(-5))/((-6)/15) is divided by a.
0
Let k(n) = n**2 - n + 10. Let i be k(0). Let q = i - 6. Calculate the remainder when 14 + (-1 - -1)/q is divided by 3.
2
Let h be -54 + -4 - (-2 + (-1 - -3)). Let d = h - -81. What is the remainder when 81 is divided by d?
12
Suppose 2*x = -1 - 23. Let b(l) = -l - 16. Let n be b(x). What is the remainder when (-42)/n + (-12)/8 is divided by 2?
1
Let q = -3 - -66. Let n be (-2 - -3 - 0) + 1. Suppose -25 = 5*k, n*k - 3*k - 53 = -3*s. What is the remainder when q is divided by s?
15
Let m = -8 + 11. Suppose 0 = -q + 4*w + 38, 9*q + 5*w - 50 = 7*q. Calculate the remainder when q is divided by m.
0
Let a(k) = k**2 + 30*k + 82. Let d be a(-27). What is the remainder when (31 - d/1) + 30/15 is divided by (-9)/(-1 + 0) - -2?
10
Suppose -3*c + 4*b + 70 = 0, c + b + 6 = 27. Calculate the remainder when 416 is divided by c.
20
Let b = -57 + 5. Suppose v + 18 = 4*v. What is the remainder when 50 is divided by (b/v)/(4/(-6))?
11
Suppose -119 = -2*n + 373. What is the remainder when n is divided by 13?
12
Let b(j) = j**2 + 4 - 5 - 10*j - 9. What is the remainder when 57 is divided by b(13)?
28
Suppose 4*u = 3*p + 15, 0 = -5*u + p - 2 + 18. Suppose -u*t + 41 = -112. Let m(j) = -2*j + 10. What is the remainder when t is divided by m(-4)?
15
Let x(z) = -z**2 + z. Let h(b) = -2*b**2 + 2*b - 4. Let w(y) = -h(y) + x(y). Let f be w(4). Calculate the remainder when f/6 - 4/(-12) is divided by 3.
0
Suppose -d - k = -78, -k + 161 = 2*d - 0*d. Let n(z) = -59*z + 5617. Calculate the remainder when d is divided by n(95).
11
Suppose -3*j = 2*d - 438, -2*j - j - 438 = -2*d. Calculate the remainder when d is divided by 58.
45
Let h = 21 + -17. Suppose -2*a = -m - 6, -9 = a - h*a + 4*m. Suppose -a*n = -3*l - 312, -2*l - 3*l = 20. What is the remainder when n is divided by 34?
32
Let d(f) = -27*f - 625. What is the remainder when d(-24) is divided by 12?
11
Suppose 0 = -24*b + 23*b + 71. Calculate the remainder when b is divided by 19.
14
Let s = 6 + -6. Let k(y) = y**3 - y**2 - 2*y + 37. Let f be k(s). What is the remainder when 49 is divided by f - 4 - 3 - 4?
23
Suppose -8*c + 856 = -752. Calculate the remainder when c is divided by 6.
3
Let j = -1062 - -1104. Calculate the remainder when 795 is divided by j.
39
Suppose -7 + 21 = s. Calculate the remainder when 388/s - (-2)/7 is divided by 15.
13
Suppose -2*g = 384 + 176. Let r = g + 403. Calculate the remainder when r is divided by 25.
23
Suppose 86*u - 11 = 85*u. Suppose -5*j - 20 = 0, -3*j = -3*i + 6*i - 30. What is the remainder when i is divided by u?
3
Let i(u) = 1 - 23 + 2*u + 10. Let n be i(8). Let r(f) = -f**3 + 6*f**2 - 3*f + 2. What is the remainder when 86 is divided by r(n)?
20
Suppose 4*m = 5*w + 1674, 4*m + w - 430 = 1256. What is the remainder when m is divided by 34?
13
Suppose 391 + 279 = 10*d. Let r = d + -60. What is the remainder when 24 is divided by r?
3
Let m be 6/4*(-12)/(-2). Let v be (-3 + m - -1) + -2. Suppose -c - 141 = -4*o, -4*o = v*c - 4*c - 139. Calculate the remainder when 68 is divided by o.
33
Let u(g) = g**3 + 4*g**2 - 6*g - 2. Let q be u(-5). Suppose r = -4*b + 11, -q*b = b + 20. What is the remainder when r is divided by 12?
7
Suppose 0 = j - 2*r - 38, 4*r + r - 76 = -2*j. Let p = 55 - j. What is the remainder when p is divided by 10?
7
Let u(j) = -4*j - 1. Let c be u(-3). Let f = c - -9. What is the remainder when f is divided by 7?
6
Let y(o) = -2*o**3 + o**2 - o - 1. Let j(r) = -5*r**2 - 2*r - 2. Let w be j(-4). Let b = -66 - w. Calculate the remainder when y(-2) is divided by b.
5
Let p be ((-55)/15 - -4)*15. Let u be 13*(0 + (p - 4)). Let t(h) = h**2 - 13*h + 23. What is the remainder when t(u) is divided by 6?
5
Suppose 3*l + 54 = 2*m - 9, 0 = 2*m + 5*l - 39. Suppose -2*w = 3*w - 250. Calculate the remainder when w is divided by m.
23
Let u(a) = -16*a - 43. Suppose 3 = 5*p - 107. What is the remainder when u(-8) is divided by p?
19
Suppose -2*c = -r - 6, 0 = r - 0*r - 4*c + 2. Calculate the remainder when (-207)/(-3) - 0 - 2 is divided by r + 9 + (-36)/(-2).
16
Suppose 8*d - 9*d + 11 = 0. Let f(g) = -18*g + 10. Let l be f(-5). Suppose -4*y + l = y. Calculate the remainder when y is divided by d.
9
Let s = -197 + 929. Let n = s + -12. What is the remainder when 2/(-7) + n/21 is divided by 9?
7
Let v = -383 - -900. What is the remainder when v is divided by 10?
7
Suppose t - 20 = 4*z, -10 - 18 = -5*t + 2*z. Suppose x - 29 = 4*l, -4*l = -9*l + 4*x - 50. What is the remainder when 2/l - 172/(-12) is divided by t?
2
Let t = 26 + 2. Suppose 4*o = 5*k + 217, -2*o + 38 = 5*k - 63. Calculate the remainder when o is divided by t.
25
Let j be (-31)/(-1) - (5 - 8). Suppose a + 3*s - j = -12, 0 = -4*a + 5*s + 71. Calculate the remainder when 35 is divided by a.
16
Let a(q) = q**2 - 9*q - 4. Let i(m) = -m**3 - 10*m**2 - 10*m + 3. Let y be i(-9). Calculate the remainder when a(y) is divided by 9.
5
Let f = -110 - -116. Calculate the remainder when 45 is divided by f.
3
Let b = 33 - 32. Suppose 0 = -j + b, 0*w - 2*j = -2*w + 22. Calculate the remainder when w is divided by 8.
4
Let k(z) = -18*z + 6. Let v be k(-1). Suppose -v = -3*t - t. What is the remainder when 11 is divided by t?
5
Calculate the remainder when 527 is divided by (1 + -2 - 5) + (6 - -48).
47
Let n(o) = -o**3 + 2*o**2 + 12*o - 16. Let s = -23 - -39. Suppose w + 3*w - s = 0. Calculate the remainder when n(3) is divided by w.
3
What is the remainder when 105 is divided by (2/(-3))/(2/(-93))?
12
Let x = -346 + 366. What is the remainder when 138 is divided by x?
18
Let j = 2979 - 2927. What is the remainder when 79 is divided by j?
27
Let k(y) = y**3 - 5*y**2 + 3. Let j be k(5). Suppose 5*r - j*r - 30 = 0. Suppose 0 = -l + 68 + r. What is the remainder when l is divided by 28?
27
Suppose -n + 117 = -4*c + 8*c, -2*n - 3*c + 214 = 0. Calculate the remainder when n is divided by 8.
5
Let n(y) = y**3 - 11*y**2 - 16*y + 1. Calculate the remainder when n(15) is divided by 39.
37
Let z(o) = o - 4. Let h be z(5). Let w(c) = -c**3 + 2*c**2 - 3. What is the remainder when w(-2) is divided by (-8)/(h - 2) - 0?
5
Suppose 4*v = -2*g + 54, -4*g + 3*v + 29 = -123. Calculate the remainder when g is divided by 25.
10
Suppose 0 = 3*i + 58 - 73. Let y = 33 + 16. What is the remainder when i*(-1 - y/(-5)) is divided by 12?
8
Let l = -37 + 67. Suppose -l = 8*x - 2*x. Calculate the remainder when 11 is divided by (x/15)/(2/(-36)).
5
What is the remainder when 103 is divided by 282/21 + -1*(-15)/(-35)?
12
Let i(j) = 3*j**2 + 39*j - 10. Let p(f) = 9*f**2 + 117*f - 30. Let q(o) = 8*i(o) - 3*p(o). What is the remainder when q(-11) is divided by 26?
24
Let u = -82 - -136. Calculate the remainder when 76/18 + (24/u)/(-2) is divided by 3.
1
Suppose -2977 = -75*z + 39248. Calculate the remainder when z is divided by 47.
46
Let z be 4/(-6)*21/(-14). Let j = 22 + 7. Calculate the remainder when j is divided by 0/z + 3 + 7.
9
Suppose -7*s + 1872 = 1501. What is the remainder when 128 is divided by s?
22
Let f = -296 + 305. Calculate the remainder when 197 is divided by f.
8
Suppose 0*d = -8*d - d. Suppose -4*y + 4 = 3*u - 29, 2*y + u - 19 = d. Calculate the remainder when 33 is divided by y.
9
Let c = 365 + -202. Let l = c + -111. What is the remainder when l is divided by 5?
2
Calculate the remainder when 2/(-11) - (-172392)/484 is divided by 60.
56
Let n = -14 - -108. Suppose -3*w + x = -56, -4*w + 3*w = -3*x - 8. What is the remainder when n is divided by w?
14
Let p = -78 - -80. Suppose b + p*b - 137 = -2*g, -3*b = -5*g - 151. Calculate the remainder when 185 is divided by b.
44
Suppose -3*q = -2*q - 194. Suppose 0*l - 2*l - 2*o = -80, -5*l + q = 2*o. What is the remainder when l is divided by 4?
2
Let k = 5 + -5. Suppose -9*y + 14*y - 15 = k. What is the remainder when 14 is divided by y?
2
Suppose 107*l + 548 - 1725 = 0. Suppose 4*o - o = 15. Suppose 3*d + 2*b - 23 = 0, -o*b + 3*b = -4*d + 12. What is the remainder when l is divided by d?
1
Let h(b) = 51*b**3 + 2*b**2 - 2*b - 3. What is the remainder when h(2) is divided by 10?
9
Let u(o) = o